se -2*y = d*a - 298, a - 4*y = -67 + 241. What are the prime factors of a?
2, 7, 11
Suppose 28*w - 23*w + 10907 = 3*x, -3*w - 10911 = -3*x. What are the prime factors of x?
3, 1213
Let s(c) = 16 + 0 + 3 + 48*c + 6. Let d be s(-3). Let y = d + 314. List the prime factors of y.
3, 5, 13
Suppose -6*b + 4*b + 4 = 0, 0 = -3*v + 3*b + 2253. Let l = -374 + v. List the prime factors of l.
379
Let f(u) = 7*u**3 - 8*u**2 + 12*u + 63. Let h(p) = 9*p**3 - 9*p**2 + 12*p + 61. Let y(b) = 5*f(b) - 4*h(b). List the prime factors of y(-11).
2, 3, 131
Suppose 0 = 7*f - 11*f + 672. Let w = 236 - f. List the prime factors of w.
2, 17
Let h = 142519 - 90924. List the prime factors of h.
5, 17, 607
Let v(l) = -l**2 - 25*l - 41. Suppose 5*z - 23 + 13 = 0. Suppose 8 = z*t, -4*p + 0*t = -5*t + 96. List the prime factors of v(p).
73
Let c(j) = -3 - j + 7 - 8*j**3 + 5*j**2 + 4*j - 30*j**3. List the prime factors of c(-2).
2, 7, 23
Suppose 34*q - 8230 = 18120. Let b = q - 281. What are the prime factors of b?
2, 13, 19
Let k(w) = 22231*w + 898. What are the prime factors of k(3)?
257, 263
List the prime factors of ((-240655)/(-20))/(225/(-60) - -4).
48131
Let k(h) = -h**3 + 15*h**2 - 24*h + 5. Let c be k(15). Let s = c - -472. What are the prime factors of s?
3, 13
Suppose 5*d = 5*j + 38115, -47*d - 7611 = -48*d - 5*j. List the prime factors of d.
7621
Let a be -1*(0 - 1 - -2 - 4). Suppose 2120 + 279 = 5*x - a*c, -3*x + 1447 = 2*c. What are the prime factors of x?
13, 37
Let u(h) = -h**3 + 14*h**2 - 12*h - 10. Let a be u(13). Suppose 0 = -w + 39 + 23. What are the prime factors of 1 - -1*(w - a)?
2, 3, 5
Let u(d) = 3*d**2 - 55*d + 33. Let j be u(-37). Suppose 1526 = 17*k - j. What are the prime factors of k?
3, 151
Let z(k) = 2*k**2 - 11*k - 114. Suppose d - 158 = -165. What are the prime factors of z(d)?
61
Suppose 0 = -3*a - 238 - 26. Let v = a + 90. Suppose 183 = 3*z + 3*y - 66, 171 = v*z - 3*y. What are the prime factors of z?
2, 3, 7
Suppose -2*b - 4*k - 160 = 0, -4*b = -3*b - 2*k + 68. Let s = 75 + b. Suppose 5 = d - p - s, -3*d - 2*p = 2. What are the prime factors of d?
2
Suppose 2*q - 1842 = 4*j, -15*j = -11*j. Suppose -3*a = -3*y + a + 690, -4*y = -5*a - q. What are the prime factors of y?
2, 3, 13
Let f = -75523 + 108808. List the prime factors of f.
3, 5, 7, 317
Suppose 5*d - 4445 = -5*g, -4*d - 4*g + 3553 = -g. Suppose -l - 202 = -h + d, 1080 = h + l. What are the prime factors of h?
2, 271
Suppose 0 = 10*s + 8*s + 1602. Let o = -49 - s. What are the prime factors of o?
2, 5
Let w(t) = -4*t**2 - 4*t - 4. Let h be w(-3). Let d = h + 32. What are the prime factors of 11/22 + 166/d?
2, 3, 7
Let k = -85 - -93. Suppose 0 = -3*w - 15, k*j - 5*j - 3*w = -429. List the prime factors of -1 - (3 - 2) - j.
2, 73
Let t(h) = -2*h + 13 + 51*h**3 + 3*h**2 + h**2 - h**2 + 0*h**3. What are the prime factors of t(3)?
17, 83
Suppose 4*i - 285*r - 53775 = -286*r, -4*i - 3*r + 53781 = 0. What are the prime factors of i?
3, 4481
What are the prime factors of ((-92085)/(-14) + -2)/(24/48)?
13151
Let i(r) = -7*r**2 + 40*r + 65. Let x(w) = 13*w**2 - 77*w - 132. Let j(t) = 5*i(t) + 3*x(t). List the prime factors of j(-16).
3, 7, 23
Suppose p = -776*a + 772*a + 26009, -5*a = 3*p - 78006. List the prime factors of p.
25997
Suppose 448 = 17*k + 11*k. Suppose k*z = 5*z + 7359. What are the prime factors of z?
3, 223
Let h(j) = 17*j - 247. Let n be h(17). Suppose 0 = 2*f + 5*x - 160, n*x - 37*x = f - 110. List the prime factors of f.
2, 3, 5
List the prime factors of (-9)/((-319632)/21304 + 15).
2663
Let g(b) = -307*b. Let j be g(-1). Let d be ((-16)/20)/(1 - j/305). Let f = d + -112. List the prime factors of f.
2, 5
Suppose 35*i - 79*i = -95568. What are the prime factors of i?
2, 3, 181
List the prime factors of 10473/3*3 - 2.
37, 283
Let i = 9293 + -2334. What are the prime factors of i?
6959
Suppose 5*p - 121672 = 16*f, -19*p + 16*p = 3*f - 73041. What are the prime factors of p?
2, 17, 179
Suppose -7*i - 117360 = -19*i. Suppose -i = 2*u - 8*u. What are the prime factors of u?
2, 5, 163
Let v(h) = -h**2 + 0*h**3 - 694 + 697 + 4*h - 2*h**3. Let p be v(-2). Suppose 0 = p*y - 144 - 52. List the prime factors of y.
2, 7
Let d(o) = -o**3 + 13*o**2 + 3. Let y be d(13). Suppose 2294 = 4*w - 2*i, y*w - 8*w - i + 2864 = 0. What are the prime factors of w?
3, 191
Suppose 161*f = 162*f - 9. Let k(l) = -l + 8. Let t be k(6). Suppose -t*d = -f*d + 749. List the prime factors of d.
107
Suppose -12*a = 83 + 1. Let f(i) = -16*i - 90. What are the prime factors of f(a)?
2, 11
Suppose -3*d + 2 = 5. Let r be (-135)/(d - 1 - -3). Let z = 284 + r. What are the prime factors of z?
149
Let l(b) = b**2 - 9*b - 6. Let x be l(11). Let f(i) = 7 + 7 + i**2 - 13 - x*i. What are the prime factors of f(19)?
2, 29
Suppose -4*b + 6*b - 2544 = -3*m, 0 = -3*b - m + 3830. Suppose 0 = -2*w + 4*r + 520, -2*r = 5*w + 38 - b. What are the prime factors of w?
2, 5
Let z be 6 + 21/28*-4. Suppose -z*j + j = -5*g - 12, 30 = 5*j - 2*g. What are the prime factors of j?
2, 3
Suppose -8*z + 22*z - 282357 = 156543. What are the prime factors of z?
2, 3, 5, 11, 19
Suppose -12 = v - 7. Let g(f) = -20*f - 4. Let u be g(v). Let i = 164 - u. List the prime factors of i.
2, 17
Suppose j + 4*d + 72 = 0, -j = -4*d + 27 + 45. Let r be j/34 + (-22)/(-187). List the prime factors of (-12)/(-3) - (20*r - -2).
2, 3, 7
Let v(w) = 100*w**2 - 163*w - 52. List the prime factors of v(7).
11, 337
Suppose -9*h = -78 + 96. List the prime factors of h/(6/(-1569)) - 1.
2, 3, 29
Let z = -10858 + 20138. List the prime factors of z.
2, 5, 29
Suppose -769 = -5*b + 5*d + 411, -4*b - 5*d + 908 = 0. Suppose -2*u = 5*r - 1 - b, -5*r = 25. Suppose -10*s + 431 = -u. What are the prime factors of s?
2, 7
Let c(u) = 342*u**2 + 475*u - 28. What are the prime factors of c(6)?
2, 7, 23, 47
Let s = 280 - -227. What are the prime factors of s?
3, 13
Let f = -1 - -4. Let a(w) = -w**2 - 2*w + w**2 + w**2 + 2*w**3 + 176 - f*w**3. What are the prime factors of a(0)?
2, 11
Let n be (2904/21 - -5) + (-8)/28. Suppose 4*t - 170 = 82. Let f = n - t. List the prime factors of f.
2, 5
Let l = -188 - -367. Let w be 477/(-12) + (-2)/8. Let h = w + l. What are the prime factors of h?
139
Let w(t) = 48*t**2 + 21*t + 17. Let s(n) = 72*n**2 + 31*n + 25. Let l(q) = -5*s(q) + 8*w(q). What are the prime factors of l(-1)?
2, 11
Let p(k) = 127*k**2 - k - 2. Suppose 9*r + t + 13 = 14*r, 5*t + 7 = -4*r. What are the prime factors of p(r)?
2, 3, 7
Suppose -2*t = -7*t + g + 54614, -5*t - g = -54616. What are the prime factors of t?
3, 11, 331
Let n(g) = -4*g**3 - 22*g**2 + 16*g + 276. List the prime factors of n(-15).
2, 3, 53
Let y = 711 + 383. Let s = -353 + y. What are the prime factors of s?
3, 13, 19
Suppose -6979 + 2353 = -6*j. Suppose -5*a - 5*y + j = -2379, 3*y + 12 = 0. List the prime factors of a.
2, 317
Let u be ((546/9)/7)/(3/9). Suppose -u*k - 887 = -3097. List the prime factors of k.
5, 17
Suppose r + 469 = 5*s - 19063, -2*s + 7820 = 2*r. What are the prime factors of s?
3907
Suppose -110*q + 111*q - 38033 = 5*s, 4*s = -3*q + 114175. What are the prime factors of q?
38053
Let h = 122 - 117. Suppose -4*n - 2*s + 0*s = -636, 0 = -h*n + 4*s + 808. What are the prime factors of n?
2, 5
Suppose -2560 = -3*m + 5*r, 0*r = -4*m - 3*r + 3394. Suppose -3*t + 2209 = m. What are the prime factors of t?
3, 151
Let v be (1 - 8) + (-40)/(-5). What are the prime factors of 0 - (6223/(-7))/(1/v)?
7, 127
Let h(r) = -2*r**3 - 5*r**2 - 5*r - 6. Let o be -4*(-11)/22*(-1)/(-2). Suppose 2 = -y - o. List the prime factors of h(y).
2, 3
Let r(n) be the first derivative of 15*n**2/2 - 7*n + 51. Suppose -2*b + b = -9. List the prime factors of r(b).
2
Suppose -a - 13 = 24. What are the prime factors of 3324/10 + (a/5 - -7)?
2, 83
Let y = 8422 - 5786. List the prime factors of y.
2, 659
Let s = 595 - 182. Let d = 1182 - s. List the prime factors of d.
769
Let x(c) = -1251*c - 1348. List the prime factors of x(-36).
2, 43, 127
Suppose h = -5, -3*h + 2*h - 515 = -5*m. Let a = m - 99. Suppose 0 = -4*o + a*o - r + 162, -817 = -5*o + 2*r. What are the prime factors of o?
163
Suppose -25*q = v - 24*q - 5, 4*q + 4 = 2*v. Suppose v*j - 441 = -5*j. List the prime factors of j.
7
Let m(h) = -24*h**3 - 9*h**2 + 3*h 